538.
192
Calculate the remainder when 926892 is divided by 81.
9
What is the remainder when 5370082 is divided by 1342261?
1038
What is the remainder when 1851549 is divided by 370307?
14
Calculate the remainder when 265279931 is divided by 8196.
8195
Calculate the remainder when 190582561 is divided by 59.
53
Calculate the remainder when 586405 is divided by 1072.
21
Calculate the remainder when 244651 is divided by 480.
331
Calculate the remainder when 201926202 is divided by 17.
15
What is the remainder when 3948335 is divided by 1315950?
485
What is the remainder when 1281542 is divided by 71196?
14
What is the remainder when 4772794 is divided by 152?
146
Calculate the remainder when 14001448 is divided by 197203.
35
Calculate the remainder when 874202 is divided by 271.
227
Calculate the remainder when 2719286 is divided by 905.
666
Calculate the remainder when 30694271 is divided by 30694229.
42
What is the remainder when 356575 is divided by 210?
205
What is the remainder when 11553216 is divided by 953?
950
What is the remainder when 842610 is divided by 3536?
1042
Calculate the remainder when 405115 is divided by 202484.
147
Calculate the remainder when 16950802 is divided by 6.
4
What is the remainder when 1981941 is divided by 17234?
31
What is the remainder when 47605 is divided by 1959?
589
Calculate the remainder when 459661 is divided by 1149.
61
Calculate the remainder when 60132 is divided by 1367.
1351
Calculate the remainder when 367845 is divided by 135.
105
What is the remainder when 1791067 is divided by 493?
491
Calculate the remainder when 111258 is divided by 2477.
2270
Calculate the remainder when 134970617 is divided by 10.
7
Calculate the remainder when 240948 is divided by 149.
15
What is the remainder when 776799 is divided by 15850?
149
Calculate the remainder when 68203 is divided by 33929.
345
Calculate the remainder when 258534 is divided by 64535.
394
What is the remainder when 53876 is divided by 3487?
1571
What is the remainder when 2583417 is divided by 1340?
1237
What is the remainder when 111526 is divided by 22298?
36
Calculate the remainder when 641642 is divided by 914.
14
Calculate the remainder when 3175556 is divided by 152.
124
Calculate the remainder when 3262428 is divided by 7587.
18
Calculate the remainder when 941311 is divided by 72338.
917
Calculate the remainder when 1656 is divided by 769.
118
Calculate the remainder when 47275902 is divided by 128.
126
Calculate the remainder when 1007884 is divided by 503928.
28
What is the remainder when 67909 is divided by 49?
44
Calculate the remainder when 305105 is divided by 4121.
151
Calculate the remainder when 10395 is divided by 5098.
199
Calculate the remainder when 1082822 is divided by 8.
6
Calculate the remainder when 806946 is divided by 8434.
5716
Calculate the remainder when 19319 is divided by 251.
243
Calculate the remainder when 2392099 is divided by 718.
441
What is the remainder when 657846 is divided by 135?
126
Calculate the remainder when 635383 is divided by 126972.
523
Calculate the remainder when 469081 is divided by 61.
52
Calculate the remainder when 5974197 is divided by 5.
2
Calculate the remainder when 7686777 is divided by 404559.
156
Calculate the remainder when 260570946 is divided by 2258.
4
Calculate the remainder when 1467368 is divided by 3420.
188
What is the remainder when 878012 is divided by 1228?
1220
Calculate the remainder when 69842004 is divided by 35.
29
What is the remainder when 54332034 is divided by 8048?
8034
Calculate the remainder when 2853806 is divided by 317082.
68
Calculate the remainder when 52145331 is divided by 90061.
12
Calculate the remainder when 53183 is divided by 4495.
3738
Calculate the remainder when 115502 is divided by 2622.
134
What is the remainder when 2771656 is divided by 110?
96
Calculate the remainder when 2511 is divided by 210.
201
Calculate the remainder when 460884 is divided by 708.
684
Calculate the remainder when 160545602 is divided by 55.
52
What is the remainder when 151466 is divided by 3912?
2810
What is the remainder when 4365 is divided by 3284?
1081
Calculate the remainder when 51703739 is divided by 1615741.
27
Calculate the remainder when 94752792 is divided by 92.
60
What is the remainder when 193572 is divided by 244?
80
Calculate the remainder when 158518203 is divided by 3628.
3627
Calculate the remainder when 13109360 is divided by 373.
275
Calculate the remainder when 91242 is divided by 722.
270
Calculate the remainder when 31358573 is divided by 266.
99
Calculate the remainder when 201812 is divided by 68.
56
Calculate the remainder when 13546571 is divided by 685.
11
What is the remainder when 349994 is divided by 3891?
3695
What is the remainder when 3972185 is divided by 566?
563
What is the remainder when 18759772 is divided by 31?
29
What is the remainder when 234309 is divided by 3446?
3427
What is the remainder when 741571 is divided by 151?
10
Calculate the remainder when 13709952 is divided by 340.
132
Calculate the remainder when 14939597 is divided by 3521.
3515
Calculate the remainder when 2216916 is divided by 123144.
324
What is the remainder when 50979 is divided by 4560?
819
What is the remainder when 5071 is divided by 2302?
467
What is the remainder when 449092 is divided by 899?
491
What is the remainder when 45584 is divided by 11058?
1352
What is the remainder when 3850716 is divided by 107?
0
Calculate the remainder when 13456718 is divided by 373.
370
Calculate the remainder when 819013 is divided by 783.
778
What is the remainder when 5009255 is divided by 263644?
19
Calculate the remainder when 2260152 is divided by 1130011.
130
Calculate the remainder when 382854 is divided by 23.
19
Calculate the remainder when 8046541 is divided by 1351.
1336
What is the remainder when 252048774 is divided by 1973?
1970
Calculate the remainder when 1588267 is divided by 122172.
31
Calculate the remainder when 4283640 is divided by 584.
0
What is the remainder when 3035632 is divided by 1517778?
76
What is the remainder when 117868362 is divided by 39289452?
6
Calculate the remainder when 2609426 is divided by 3815.
3781
What is the remainder when 59030 is divided by 3648?
662
Calculate the remainder when 4715801 is divided by 671.
13
Calculate the remainder when 2196 is divided by 1587.
609
What is the remainder when 371595 is divided by 3026?
2423
What is the remainder when 524062 is divided by 2104?
166
Calculate the remainder when 1969080 is divided by 1969057.
23
What is the remainder when 20863929 is divided by 1258?
1257
What is the remainder when 204152 is divided by 6002?
84
What is the remainder when 296184613 is divided by 1976?
1973
Calculate the remainder when 2227 is divided by 1023.
181
What is the remainder when 1366916 is divided by 64?
4
Calculate the remainder when 2737612 is divided by 605.
592
What is the remainder when 1107886493 is divided by 2418?
2417
What is the remainder when 34192 is divided by 267?
16
What is the remainder when 1572389 is divided by 23824?
5
What is the remainder when 3647948 is divided by 504?
500
Calculate the remainder when 6605485 is divided by 66.
7
What is the remainder when 31579405 is divided by 306596?
17
What is the remainder when 426710 is divided by 12189?
95
What is the remainder when 6365729 is divided by 1031?
335
What is the remainder when 145634 is divided by 3976?
2498
What is the remainder when 410297 is divided by 41029?
7
Calculate the remainder when 653294 is divided by 29695.
4
What is the remainder when 623233 is divided by 36660?
13
Calculate the remainder when 2689671 is divided by 22.
17
What is the remainder when 20525 is divided by 333?
212
What is the remainder when 7092 is divided by 169?
163
What is the remainder when 129472 is divided by 312?
304
What is the remainder when 8488650 is divided by 7?
2
What is the remainder when 1779535 is divided by 116?
95
What is the remainder when 530249 is divided by 3399?
5
Calculate the remainder when 92680919 is divided by 18.
17
What is the remainder when 381525 is divided by 381525?
0
Calculate the remainder when 557396563 is divided by 111479310.
13
Calculate the remainder when 6799364 is divided by 210.
194
Calcu